*l**3 + 2*l**2 - 1. What is q(v)?
-16
Let j(u) be the first derivative of -u**3 + u**2 - 2*u - 46. Give j(2).
-10
Let b = 17 - 15. Let h(d) = d + 2. Calculate h(b).
4
Suppose 8*c - 4*c = 20. Let d = 3 - c. Let w(q) = q**3 + 2*q**2 + 3*q + 3. What is w(d)?
-3
Let z(o) be the third derivative of -o**8/6720 + o**7/2520 - o**6/360 + o**5/40 - o**4/6 - o**2. Let i(a) be the second derivative of z(a). What is i(2)?
-5
Suppose 0 = r - f + 6, -f = 3*f. Let n be -3 - 6*r/4. Let d(u) = -u**3 + 5*u**2 + 7*u - 6. Determine d(n).
0
Let w(g) be the first derivative of -g**6/60 - g**5/20 - g**4/24 - g**3/3 - 3*g**2/2 + 1. Let a(m) be the second derivative of w(m). What is a(-2)?
4
Suppose b + 247 - 245 = 0. Let i(q) = -1 + q**2 + 5 - 3. Determine i(b).
5
Let w(i) = 2 - 4 + 9*i + 2. Determine w(1).
9
Let g(s) = s**2 + 4*s + 3. Suppose 0 = 6*k - 4*k - 6. Let x(d) = -d**2 - 4*d + 2. Let p be x(-4). Suppose 0 = k*y + 4*r + 8, -y = p*y - r + 13. Calculate g(y).
3
Let k(h) = h**3 - 13*h**2 - 14*h - 7. Let a be k(14). Let q(y) = -y - 2. Give q(a).
5
Let j be 3*(0 + (-12)/(-9)). Let x(g) = 2*g - 5. Let o be x(j). Let q(h) = -h**2 + 7*h - 4. Determine q(o).
8
Let l(f) = -2*f - 29. Let a(h) = -h - 14. Let x be -2 - 1*(-2 - -2). Let n(z) = x*l(z) + 5*a(z). What is n(0)?
-12
Suppose -2*h = 8 + 2. Let d(b) = b**2 + 8*b + 3. Let f be d(h). Let j be ((-1)/(-2))/((-3)/f). Let g(m) = 4*m. Calculate g(j).
8
Let i(l) be the second derivative of 0 - 1/120*l**5 + 1/2*l**3 - 2*l + 5/24*l**4 - 1/360*l**6 + 0*l**2. Let j(h) be the second derivative of i(h). Give j(0).
5
Let s(w) = 5*w**2 + 5*w + 6. Let p(v) = 9*v**2 + 9*v + 11. Let g(z) = 6*p(z) - 11*s(z). Let o(y) = 13*y - 92. Let d be o(7). Determine g(d).
0
Let t be (-2)/(-1) - 8/(-8). Let p = t - 3. Let m(q) = -4 + 0 + q + p*q + 2. What is m(5)?
3
Let z(y) = -y**2 - 7*y + 20. Let b(s) = 2*s**2 + 15*s - 41. Let v(h) = -6*b(h) - 13*z(h). Let a = 8 - 8. What is v(a)?
-14
Let d = -3 + 5. Let j(t) = 3*t**2 + t**3 - 4*t**d - 3*t**2 - 3*t - 3. Suppose 4 + 11 = 3*h. What is j(h)?
7
Let s(q) = q**3 + 7*q**2 + 6*q - 1. Let g be ((-18)/3)/(-1 + 2). Let z be s(g). Let m(t) = 5*t**2 - t. Calculate m(z).
6
Let x(b) be the first derivative of b**2/2 + 4*b - 4. Let d = 10 - 6. Calculate x(d).
8
Let f(c) = -c**2 - 5*c + 3. Suppose -3*t - d + 11 = 0, 2*t + 0*d + 10 = -5*d. Suppose p - 1 + t = 0. What is f(p)?
7
Let j(k) = k - 2. Let a = -6 - -10. Let g be 0 + 5/((-10)/a). Calculate j(g).
-4
Let z(m) = m**2 + 0 + 1 - 2*m**2 - m. Suppose -4*g + 13 = -3*v - 2*v, 5*g + 25 = -2*v. What is z(g)?
-5
Let x be 0/1*(-6 + 7). Suppose -2*z = -a - 1 + 3, x = 3*z + 6. Let t(k) = k**3 - 2*k**2. Give t(a).
-16
Let a(h) = -h**3 - 5*h**2 + 6*h + 1. Let o be (27/6)/(6/(-8)). Give a(o).
1
Let d(y) be the second derivative of 1/6*y**3 - y + 1/2*y**2 + 0. Give d(0).
1
Let l(p) be the third derivative of 7*p**5/60 - 2*p**3/3 - p**2. Let a(w) = 20*w**2 - 11. Let h(k) = -6*a(k) + 17*l(k). Suppose 0 = 6*u - 3*u - 6. Give h(u).
-6
Let g be 2/(-6) - 6/9. Let p(c) = 2*c**3 - 2*c - 1. What is p(g)?
-1
Let h(z) be the third derivative of -z**4/12 - 3*z**3/2 - 12*z**2 - 2*z. Determine h(-6).
3
Let r(t) be the second derivative of t**4/12 + t**3/2 - 5*t**2 - 28*t. Calculate r(-7).
18
Let r = -34 + 23. Let k = r - -18. Let x(v) = -v**2 - 1 + k*v + 0*v**2 - 2. What is x(5)?
7
Let c(a) = a**3 - 3*a**2 + 4*a - 3. Let f(w) = -w**3 + 14*w**2 - 12*w - 11. Let o be f(13). Calculate c(o).
1
Let s(u) be the first derivative of -u**3/3 + u**2/2 + 2*u - 2. Suppose -5*n + 4*v - 6 = 0, -6 = 6*n - 2*n - 2*v. Calculate s(n).
-4
Let n(c) = -c**3 - c**2 - c + 8. Let h be n(0). Let q(y) = y - 3. Give q(h).
5
Let b be -5 - -4 - (-1 + 9). Let y = b + 11. Let x(q) = -q**3 - q**2 + 2*q - 3. Calculate x(y).
-11
Let r(k) = -5*k**3 - 2*k**3 + 3*k**2 - 4*k**2. Let y(n) = -n**2 + 2*n + 2. Suppose -l = -4*t + 3*l, 4*t + 3*l = 21. Let c be y(t). Calculate r(c).
6
Let y(f) = -5*f**2 - 11. Let g be y(0). Let k(p) = p**2 + 12*p - 2. Give k(g).
-13
Let d(j) be the first derivative of j**4/4 + 4*j**3/3 + 5*j - 1. Let c be ((-5)/((-15)/6))/((-5)/10). Calculate d(c).
5
Let n(k) = k**3 + 3*k**2 - 3*k - 1. Let h(g) = 3*g**3 + 10*g**2 - 10*g - 2. Let p(o) = 2*h(o) - 7*n(o). Let v = -2 - -2. Give p(v).
3
Let d(k) = -k**3 - 13*k**2 - k - 17. Suppose 14*o - 16*o = 26. Give d(o).
-4
Let j(i) = -3*i**2 - 2. Suppose -o = -2*h - 4*o + 11, -5*h + 2*o + 18 = 0. Let f(l) = 2*l**2 + 1. Let d(k) = h*f(k) + 3*j(k). What is d(-2)?
-6
Let t(n) = -n**2 - 5*n - 5. Let u = 17 - 23. Determine t(u).
-11
Let c(l) = -2*l**3 + 4*l**2 + 4*l. Let y(i) = i**3 - i - 1. Let d(r) = -c(r) - 3*y(r). Determine d(-3).
-3
Let f(o) = -3*o**2 + 9 + 5*o + 3*o**3 - 2*o**3 - 10 - 2*o**3. Determine f(-4).
-5
Let l(s) = 1 - s**2 + 1 + 1 - 4*s + 2*s**2. Determine l(4).
3
Let q(b) = 4*b + 3. Let h(j) = -j - 1. Let x(g) = -3*h(g) - q(g). Give x(0).
0
Let v(y) = -y**2 - 8*y + 5. Let l be v(-8). Let z(d) = d + 6. Calculate z(l).
11
Let v(h) = -5*h + 7. Let d(f) = 2*f - 3. Let o(t) = -7*d(t) - 3*v(t). Let k = 24 + -23. What is o(k)?
1
Let f(g) = -g**2 + 175*g - 175*g + 10. Determine f(0).
10
Suppose -a - 2*z - 2 = 1, 0 = 3*a - 3*z + 9. Let k(n) = n - 3. Determine k(a).
-6
Let a(z) = 2*z + 5. Let k be ((-3)/6)/((-2)/12). Let m be (-8)/20 + 34/10. Suppose -m*v = -k + 15. Determine a(v).
-3
Suppose -1 + 21 = -5*l. Let u(j) = -j**2 + 2*j + 6. Let m be u(3). Let r(o) = 2 + 3*o**2 + o - 5*o**3 + m*o**3 + 3*o**3 - 6*o. Determine r(l).
6
Let l be 1*((-88)/(-4) - 2). Suppose -2*h = 2*h + l. Let x(f) = -f**2 - f - f - 4*f + 4. What is x(h)?
9
Let c(s) = s**2 + s - 5. Let j be (-2)/(-8) + (-84)/16. Let z(t) = -t + 2. Let d be z(j). Suppose 5 + d = -3*x. Calculate c(x).
7
Let w = 3 - -1. Let f(r) = r**2 - 1. Let g(c) = 8*c**2 - c - 4. Let p(o) = w*f(o) - g(o). Give p(-1).
-5
Let b(d) = -d + 2. Let h(j) = 4*j - 8. Let s(i) = 9*b(i) + 2*h(i). Let k be (56/10)/(2/5). Let u = -8 + k. Calculate s(u).
-4
Let x(g) = g - 2. Let s be 2/(-1 + (-3)/(-2)). Suppose -2*q = 5*f - 0*q - s, 6 = -2*q. Give x(f).
0
Let u be ((-1)/2)/((-1)/4). Let v be (u + -1)*(5 + -3). Let l(i) = -i**2 + 3*i - 1. What is l(v)?
1
Let s = -5 - -8. Suppose z - 2*z - 3*c = -8, -s*z + 3*c = 0. Let l(j) = -j**3 + 2*j**2 - 3*j + 2. Let v be l(z). Let d(m) = 2*m**2 + 5*m - 2. Determine d(v).
10
Suppose -3*b = 2*h - 13, 2*b - h = -3 - 0. Let k(p) be the first derivative of -7*p**4/4 + p**3/3 - p**2/2 - 28. Give k(b).
-7
Let r(o) = -o**2 - 2*o + 2. Let x = -3 - 2. Let v = -9 - x. Calculate r(v).
-6
Let t(l) = -l - 10. Let b(x) be the second derivative of -x**4/12 - x**3/3 - 3*x**2/2 - 4*x. Let v be b(-3). Calculate t(v).
-4
Let h(d) = 2*d - 6*d + 31 + 2*d - 32. Determine h(3).
-7
Let c = 7 + -5. Let v = c - -3. Let o(l) = l**3 - 5*l**2 - l - 3. Give o(v).
-8
Let b(o) = -4*o + 0 - 2 + 2*o. Suppose 0 = 2*s + 5*w + 30, -5*s + w - 8 = 13. Calculate b(s).
8
Let p(g) = 2*g**2 + 6*g + 3. Suppose -q - 2*q = 12. Give p(q).
11
Suppose 4*r = -12 - 12. Let y = -11 - r. Let n(o) = -o + 3. Let k(w) = -w - 1. Let m(p) = 2*k(p) - n(p). What is m(y)?
0
Let o(x) be the second derivative of x**3/3 + 2*x**2 - 38*x. Let j be -3*(-1)/2*-2. Determine o(j).
-2
Let y(a) = -a**2 - 5*a - 9. Let f be 10/(-50) - (1 + 24/5). Give y(f).
-15
Suppose 0 = 4*u - 2 + 26. Let r(a) be the third derivative of -7*a**4/24 - 4*a**3/3 - 7*a**2. Let i(l) = -15*l - 17. Let t(v) = u*i(v) + 13*r(v). What is t(4)?
-6
Let i(z) be the second derivative of -z**3/6 - 3*z**2/2 + z. Let s(o) = -o - 5. Let k be s(-5). Calculate i(k).
-3
Let o(p) = 1. Let y(l) = l**2 + l + 2. Let f(n) = 3*o(n) - y(n). Let t be f(1). Let d(c) = -c. What is d(t)?
1
Let d(b) be the second derivative of -b**5/20 - 7*b**4/12 - 7*b**3/6 - 9*b**2/2 + 41*b. Calculate d(-6).
-3
Let i = 41 - 40. Let b(h) = 2*h + 4. Let k(p) = -3*p + 5. Let l(f) = 4*f - 5. Let n(r) = 5*k(r) + 4*l(r). Let s(z) = -6*b(z) + 5*n(z). What is s(i)?
-6
Let q(x) = -3*x - 7 - 39*x**2 + 20*x**2 + 20*x**2. What is q(6)?
11
Let y(r) = 14*r**2 - 5*r + 7. Let n(v) = 7*v**2 - 3*v + 4. Let i(u) = -7*n(u) + 4*y(u). Suppose 3*a - 4*a - 1 = 0. What is i(a)?
6
Let q(k) = 8*k**3 - k**2 + k + 1. Let z = 28 - 18. Suppose 23 + z = 2*l - 5*p, l + 4*p + 3 = 0. Suppose 0 = 2*n + 5*v + 17, -4*v - l = -2*n + 1. Calculate q(n).
-9
Let n(y) = 